ite?
True
Is 37939 a prime number?
False
Is 76469 composite?
True
Is 31957 a composite number?
False
Is 1969 composite?
True
Is 172361 prime?
False
Is 18439 composite?
False
Is 50257 composite?
True
Is 768317 prime?
False
Is 149191 composite?
True
Is 1979 composite?
False
Is 159295 prime?
False
Is 8782 composite?
True
Is 6997 a prime number?
True
Is 1379 prime?
False
Is 1259 composite?
False
Is 12631 a composite number?
True
Is 10559 a composite number?
False
Is 2897 a prime number?
True
Is 302945 prime?
False
Is 11335 composite?
True
Is 451 a prime number?
False
Is 338579 prime?
True
Is 77339 composite?
False
Is 395155 a prime number?
False
Is 11027 composite?
False
Is 11047 composite?
False
Is 4487 a prime number?
False
Is 12247 a composite number?
True
Is 81821 a composite number?
True
Is 598999 composite?
False
Is 19661 a composite number?
False
Is 4321 a prime number?
False
Is 116789 a composite number?
False
Is 1528201 composite?
True
Is 187019 a prime number?
False
Is 7379 composite?
True
Is 491251 a prime number?
True
Is 11829 composite?
True
Is 95311 a prime number?
True
Is 321913 composite?
True
Is 1965715 prime?
False
Is 303977 a prime number?
False
Is 108037 a prime number?
True
Is 3369 prime?
False
Is 1703 prime?
False
Is 205999 a composite number?
True
Is 29923 a prime number?
False
Is 908491 prime?
True
Is 38501 a composite number?
False
Is 215239 prime?
True
Is 4327 a prime number?
True
Is 1253 prime?
False
Is 106693 a composite number?
False
Is 2819 a prime number?
True
Is 269 composite?
False
Is 1730849 a prime number?
True
Is 1326443 a composite number?
False
Is 683 prime?
True
Is 47791 prime?
True
Is 249266 composite?
True
Is 31358 a composite number?
True
Is 2153 composite?
False
Is 44831 prime?
False
Is 304006 a composite number?
True
Is 35833 composite?
True
Is 39071 a composite number?
True
Is 12373 a composite number?
False
Is 175129 composite?
False
Is 145943 composite?
True
Is 614 prime?
False
Is 546031 composite?
False
Is 9797 prime?
False
Is 888733 prime?
False
Is 190049 composite?
True
Is 7801 composite?
True
Is 87853 composite?
False
Is 6353 composite?
False
Is 115 a prime number?
False
Is 2460619 a composite number?
True
Is 7513 a prime number?
False
Is 49871 prime?
True
Is 25013 a prime number?
True
Is 19021 composite?
True
Is 13763 prime?
True
Is 44305 prime?
False
Is 168551 a composite number?
True
Is 1160153 a prime number?
False
Is 84521 composite?
False
Is 2833 a composite number?
False
Is 91477 a prime number?
False
Is 20323 composite?
False
Is 9489 composite?
True
Is 31319 composite?
False
Is 4187 a composite number?
True
Is 63901 prime?
True
Is 2075363 composite?
False
Is 530483 prime?
False
Is 107131 a prime number?
False
Is 16979 composite?
False
Is 30553 a prime number?
True
Is 23399 a composite number?
False
Is 6068119 a prime number?
True
Is 3706961 a composite number?
False
Is 398578 a composite number?
True
Is 23554 prime?
False
Is 4619 a composite number?
True
Is 132017 prime?
False
Is 1075181 a composite number?
True
Is 133801 prime?
True
Is 4867 a prime number?
False
Is 75521 a composite number?
False
Is 1537 composite?
True
Is 634799 a composite number?
True
Is 11903 a prime number?
True
Is 2199 composite?
True
Is 2426 composite?
True
Is 1121 a composite number?
True
Is 5627 a composite number?
True
Is 48337 a composite number?
False
Is 598915 composite?
True
Is 1105462 a prime number?
False
Is 240431 a prime number?
False
Is 2291 prime?
False
Is 168847 a composite number?
True
Is 2897 a composite number?
False
Is 415753 composite?
True
Is 4391 a composite number?
False
Is 24011 composite?
True
Is 686417 prime?
True
Is 14479 a prime number?
True
Is 382229 a prime number?
True
Is 49103 a composite number?
False
Is 5218 composite?
True
Is 66739 a prime number?
True
Is 976081 composite?
True
Is 765791 a composite number?
True
Is 150169 prime?
True
Is 1973 composite?
False
Is 527171 a prime number?
False
Is 49703 a composite number?
True
Is 51857 a prime number?
False
Is 61211 a composite number?
False
Is 219543 prime?
False
Is 607681 a prime number?
True
Is 1108291 a composite number?
True
Is 4751 a composite number?
False
Is 17893 composite?
True
Is 3991 a prime number?
False
Is 21598 a composite number?
True
Is 374921 composite?
True
Is 41381 a composite number?
False
Is 719539 a prime number?
False
Is 9173 a composite number?
False
Is 4101 a composite number?
True
Is 103643 prime?
True
Is 70529 prime?
True
Is 12273 a composite number?
True
Is 103289 a composite number?
False
Is 4583 a composite number?
False
Is 32183 prime?
True
Is 669387 a prime number?
False
Is 220387 prime?
False
Is 37451 a composite number?
True
Is 47041 a prime number?
True
Is 11422 a composite number?
True
Is 10003 a prime number?
False
Is 16871 prime?
True
Is 4091 a composite number?
False
Is 34009 composite?
True
Is 567043 prime?
False
Is 5471 a prime number?
True
Is 17635 composite?
True
Is 144023 prime?
False
Is 3011 prime?
True
Is 36833 a prime number?
True
Is 22921 composite?
False
Is 21055 prime?
False
Is 37781 prime?
True
Is 50027 composite?
True
Is 536891 a composite number?
False
Is 21929 a prime number?
True
Is 158947 composite?
True
Is 117599 composite?
True
Is 2837 prime?
True
Is 627477 a prime number?
False
Is 4603 composite?
False
Is 372797 composite?
False
Is 84603 a prime number?
False
Is 394943 composite?
False
Is 997 prime?
True
Is 10651 a composite number?
False
Is 1242707 composite?
True
Is 59663 composite?
False
Is 24229 prime?
True
Is 1210229 composite?
False
Is 3761 a composite number?
False
Is 635513 prime?
False
Is 34862 a composite number?
True
Is 2053603 a prime number?
True
Is 2042 a composite number?
True
Is 2949 a prime number?
False
Is 15499 composite?
True
Is 59407 a prime number?
True
Is 5561 a composite number?
True
Is 28921 prime?
True
Is 240623 a prime number?
True
Is 3790247 composite?
False
Is 1777 a composite number?
False
Is 666499 a composite number?
True
Is 14419 a composite number?
False
Is 40163 prime?
True
Is 23303 a composite number?
True
Is 291077 composite?
False
Is 7633 prime?
False
Is 5723 composite?
True
Is 1113935 a prime number?
False
Is 95351 a prime number?
False
Is 28195 a prime number?
False
Is 553477 composite?
True
Is 74371 a prime number?
False
Is 1151 composite?
False
Is 142 composite?
True
Is 6331 a composite number?
True
Is 11801 a prime number?
True
Is 1399 prime?
True
Is 887 composite?
False
Is 485761 composite?
True
Is 17467 a composite number?
False
Is 569827 a prime number?
False
Is 259871 prime?
False
Is 5079 a composite number?
True
Is 3863 prime?
True
Is 105191 a composite number?
True
Is 10817 composite?
True
Is 270407 a prime number?
True
Is 580451 prime?
False
Is 203689 a prime number?
False
Is 12718 a composite number?
True
Is 29899 prime?
False
Is 67169 prime?
True
Is 982189 a composite number?
True
Is 6805 a composite number?
True
Is 2661 composite?
True
Is 14519 a composite number?
False
Is 143753 prime?
False
Is 2419 prime?
False
Is 9237 composite?
True
Is 20317 a composite number?
True
Is 145 prime?
False
Is 174439 prime?
False
Is 320471 a composite number?
False
Is 1130191 composite?
False
Is 6547 composite?
False
Is 31877 a composite number?
True
Is 1096393 a composite number?
False
Is 106109 composite?
False
Is 8263 a prime number?
True
Is 46993 a prime number?
True
Is 2892749 prime?
True
Is 41315 prime?
False
Is 1679 composite?
True
Is 6609 a composite number?
True
Is 26903 prime?
True
Is 282133 composite?
True
Is 60953 composite?
False
Is 17467 a prime number?
True
Is 183133 prime?
False
Is 38579 a composite number?
True
Is 37645 prime?
False
Is 615971 a prime number?
True
Is 68777 composite?
False
Is 96581 composite?
False
Is 21071 composite?
True
Is 2546927 a composite number?
True
Is 4849 prime?
False
Is 587 prime?
True
Is 29411 a composite number?
False
Is 421063 a prime number?
False
Is 3149 prime?
False
Is 210599 a composite number?
False
Is 69307 composite?
True
Is 186365 a prime number?
False
Is 304189 a prime number?
False
Is 91007 a composite number?
True
Is 1517 composite?
True
Is 2098918 a prime number?
False
Is 52347 a composite number?
True
Is 166 prime?
False
Is 1597 composite?
False
Is 342989 a composite number?
Fa